{"version":"1.0","provider_name":"Soksz\u00edn\u0171 gyerek","provider_url":"https:\/\/sokszinugyerek.cafeblog.hu","author_name":"Simon Zsuzsa","author_url":"https:\/\/sokszinugyerek.cafeblog.hu\/author\/simon_zsuzsa\/","title":"Emberk\u00f6zelibb Barbie bab\u00e1k","html":"<p>Minden kisl\u00e1ny szeret bab\u00e1zni, \u00edgy volt ez az \u00e9n gyerekkoromban is, \u00e9s nincs ez m\u00e1sk\u00e9nt a mostani kisl\u00e1nyokkal sem. Eml\u00e9kszem, hogy minden l\u00e1ny arr\u00f3l \u00e1lmodott, hogy legyen Barbie bab\u00e1ja, ha lehet, akkor egy Ken bab\u00e1val k\u00eds\u00e9rve, aki hal\u00e1losan \u00e9s menthetetlen\u00fcl szerelmes a porcel\u00e1nb\u0151r\u0171, dar\u00e1zsderek\u00fa, hossz\u00fal\u00e1b\u00fa, sz\u0151ke- k\u00e9kszem\u0171 sz\u00e9ps\u00e9gbe. H\u00e1t melyik kisl\u00e1ny ne akart volna hasonl\u00edtani erre az ide\u00e1lis sz\u00e9ps\u00e9gre?<\/p>\r\n<p>A bab\u00e1k azonban a Mattel j\u00e1t\u00e9kgy\u00e1rt\u00f3 szerint is meg\u00e9rtek a v\u00e1ltoz\u00e1sra. A j\u00e1t\u00e9kgy\u00e1rt\u00f3 c\u00e9g is bel\u00e1tta, hogy a 21. sz\u00e1zad vil\u00e1gszem\u00e9let\u00e9hez jobban illeszkedne a val\u00f3di n\u0151kh\u00f6z jobban hasonl\u00edt\u00f3 Barbie bab\u00e1k gy\u00e1rt\u00e1sa. \u00cdgy meg\u00e9rkeztek az idei \u00e9v \u00faj Barbie bab\u00e1i, melyek a baba 57 \u00e9ves t\u00f6rt\u00e9net\u00e9ben a legnagyobb v\u00e1ltoz\u00e1st hozt\u00e1k.<\/p>\r\n<p><a href=\"http:\/\/time.com\/barbie-new-body-cover-story\/\" target=\"_blank\"><img class=\"alignnone size-medium wp-image-8\" src=\"https:\/\/sokszinugyerek.cafeblog.hu\/files\/2016\/01\/29276_time-barbie-200x300.jpg\" alt=\"29276_time-barbie\" width=\"200\" height=\"300\" \/><\/a><\/p>\r\n<p>Az eredeti baba mellett 3 elt\u00e9r\u0151 testalkattal rendelkez\u0151 baba ker\u00fcl forgalomba, m\u00e9gpedig az alacsony, a magas \u00e9s a dundi Barbi. Emellett Barbie t\u00f6bb szem-, haj- \u00e9s b\u0151rsz\u00ednnel jelenik meg, ami el\u0151seg\u00edtheti, hogy a most feln\u00f6v\u0151 gener\u00e1ci\u00f3 jobban meg\u00e9rtse, hogy ahelyett, hogy egy ide\u00e1lt kergetn\u00e9nek, \u00e9rt\u00e9kelj\u00e9k saj\u00e1t egy\u00e9nis\u00e9g\u00fcket, \u00e9s fogadj\u00e1k el a t\u00f6bbiek m\u00e1ss\u00e1g\u00e1t.<\/p>\r\n<p>V\u00e9g\u00fcl egy vide\u00f3 a bab\u00e1k fogadtat\u00e1s\u00e1r\u00f3l:<\/p>\r\n<p>[embed]https:\/\/www.youtube.com\/watch?v=vPETP7-UfuI[\/embed]<\/p>\r\n<p>&nbsp;<\/p>","type":"rich","thumbnail_url":"https:\/\/sokszinugyerek.cafeblog.hu\/files\/2016\/01\/29276_time-barbie-150x150.jpg","thumbnail_width":150,"thumbnail_height":150}

Sokszínű gyerek

Emberközelibb Barbie babák

<p>Minden kislány szeret babázni, így volt ez az én gyerekkoromban is, és nincs ez másként a mostani kislányokkal sem. Emlékszem, hogy minden lány arról álmodott, hogy legyen Barbie babája, ha lehet, akkor egy Ken babával kísérve, aki halálosan és menthetetlenül szerelmes a porcelánbőrű, darázsderekú, hosszúlábú, szőke- kékszemű szépségbe. Hát melyik kislány ne akart volna hasonlítani erre az ideális szépségre?</p>
<p>A babák azonban a Mattel játékgyártó szerint is megértek a változásra. A játékgyártó cég is belátta, hogy a 21. század világszeméletéhez jobban illeszkedne a valódi nőkhöz jobban hasonlító Barbie babák gyártása. Így megérkeztek az idei év új Barbie babái, melyek a baba 57 éves történetében a legnagyobb változást hozták.</p>
<p><a href="http://time.com/barbie-new-body-cover-story/" target="_blank"><img class="alignnone size-medium wp-image-8" src="https://sokszinugyerek.cafeblog.hu/files/2016/01/29276_time-barbie-200x300.jpg" alt="29276_time-barbie" width="200" height="300" /></a></p>
<p>Az eredeti baba mellett 3 eltérő testalkattal rendelkező baba kerül forgalomba, mégpedig az alacsony, a magas és a dundi Barbi. Emellett Barbie több szem-, haj- és bőrszínnel jelenik meg, ami elősegítheti, hogy a most felnövő generáció jobban megértse, hogy ahelyett, hogy egy ideált kergetnének, értékeljék saját egyéniségüket, és fogadják el a többiek másságát.</p>
<p>Végül egy videó a babák fogadtatásáról:</p>
<p>[embed]https://www.youtube.com/watch?v=vPETP7-UfuI[/embed]</p>
<p>&nbsp;</p>
